 What is the greatest common factor of 9 and v?
1
Let k be ((-3)/(-9))/(1/15). Suppose k*a - 25 = 15. What is the greatest common factor of 88 and a?
8
Suppose 0 = -0*p - 2*p. Suppose p*u - 3*u + 117 = 0. Suppose 2*n + 55 = 5*g, 47 = g + 3*g - n. What is the greatest common factor of g and u?
13
Let s(a) = a**3 + 7*a**2 + a + 3. Let y be s(-6). Suppose -j = -5*d - y, -2*j = -5*d - 6 - 65. Calculate the highest common factor of 19 and j.
19
Let r(y) = y**3 + y**2 + 2*y + 5. Let x be r(0). Let o be x*(-6)/10*-3. Calculate the highest common divisor of o and 27.
9
Let h be (-6)/(-21) + 78/21. Calculate the greatest common divisor of 28 and h.
4
Let t be (-10)/(-4)*(-2540)/(-25). Suppose t + 76 = 2*g. Calculate the highest common divisor of 15 and g.
15
Suppose 4*b + 2 = -2. Let g be 1*(0 + b - -6). Suppose 2*s + 2*s = 40. Calculate the highest common factor of s and g.
5
Let y be 22*(((-6)/(-3) - -1) + 2). Calculate the highest common factor of y and 10.
10
Let x(w) = 102 - 88 + 118 - w. Let k be x(0). What is the highest common factor of 12 and k?
12
Suppose s - 32 = -0*s. Suppose 4 = 4*m - s. Let h = 14 + 58. Calculate the highest common factor of m and h.
9
Let y = 11 + -14. Let g(v) = -7*v + 3. Let t be g(y). What is the greatest common divisor of t and 16?
8
Let l = -140 - -145. What is the greatest common divisor of 35 and l?
5
Let m(h) = 10*h + 1. Let s be m(2). Suppose 4*n = 18 + 38. Calculate the greatest common divisor of n and s.
7
Let z = 13 + 43. Let r(x) = 11*x - 1. Let p be r(1). Suppose -2 = s - p. Calculate the greatest common divisor of s and z.
8
Suppose 3*n + 4*v - 37 = 0, -n - 3*v + 19 = -0*n. Let r(h) = -h**3 + 7*h**2 + 3*h - 4. Let w be r(n). Calculate the greatest common factor of w and 153.
17
Let r = 1 - -7. Calculate the highest common factor of r and 24.
8
Suppose -3*l + q + 1 + 12 = 0, -5*l + 23 = -3*q. What is the highest common divisor of l and 12?
4
Suppose 4*f - 188 = -4*j, 29 - 190 = -3*j + 2*f. Calculate the highest common divisor of 34 and j.
17
Suppose 0*i + i - 3*v - 13 = 0, -v = 2*i - 5. Suppose 0 = -2*g + 3 + 5. What is the highest common factor of i and g?
4
Let r be (2/(-3)*1)/(2/(-57)). Let g = 46 + -143. Let a = -40 - g. What is the highest common factor of a and r?
19
Let i be (-4 - (-26)/6)*18. Calculate the greatest common factor of 66 and i.
6
Suppose -4*p - 5*u + 6 = -9, 5*p - 30 = 5*u. Let v = -18 - -30. Suppose -v = -p*k + 3. Calculate the greatest common factor of 27 and k.
3
Let h(z) = z**2 + 2*z + 1. Let f be h(-2). Let b(y) = -5*y - 2 + 4*y + 3. Let l be b(-2). What is the greatest common factor of l and f?
1
Let u(w) = 17*w. Let y be u(3). Suppose 146 = 3*p + 2*l, 5*p - 3*l - 186 = y. Suppose p = m + m. Calculate the highest common divisor of m and 6.
6
Suppose 0 = v + 4*v + 20. Let b be (1 + -3)*2/v. Let f be 2 + (1 - b - -17). Calculate the greatest common divisor of f and 76.
19
Let l = -59 + 31. Let v be (4/(-14))/(4/l). Let m be 0 + (1 - v)*-1. What is the greatest common factor of m and 7?
1
Suppose 3*c + 21 = a - 2*c, 65 = 4*a - c. Let n = -23 + a. Let v be n/(-1*3/6). What is the greatest common divisor of 98 and v?
14
Let t(j) = -10 + 11 + 11 + j. Let n be t(0). Let m be 6/8*(21 + 3). Calculate the highest common factor of n and m.
6
Let r be -2 + 2 + 1 - 1. Let n(f) = -2*f + f**2 - 3 + r - 1. Let o be n(5). Calculate the highest common factor of 99 and o.
11
Let j be (-70)/(-4)*(-16)/(-20). Calculate the greatest common divisor of 126 and j.
14
Let g(v) = -v**2 - 5*v - 3. Let k be g(-4). Suppose 2*s + q = 6*q + 1, -3*s + 5*q + 4 = 0. Calculate the greatest common factor of s and k.
1
Let y be (-30)/(-195) + 21/(-78)*-44. What is the greatest common factor of 33 and y?
3
Let m be (2 + (-64)/(-40))/(4/50). What is the greatest common divisor of m and 315?
45
Suppose -5*g + 3 = h + 2, 5*g - 4*h = 21. Suppose s = -g + 70. Let l be (2 + -4 - -3) + s. What is the greatest common factor of l and 10?
10
Let m be (-2 + 1)*-1 + -261. Let p = m - -424. Suppose -p = -0*s - 5*s - 2*u, u - 66 = -2*s. Calculate the highest common divisor of s and 16.
16
Let b be 0/(2/4*-2). Suppose -5*j = 5, -w - 3*j = -b*j - 18. Calculate the highest common divisor of 231 and w.
21
Suppose -2*n - 3 = -9. Suppose -o - 28 = -n*o. Calculate the greatest common factor of o and 14.
14
Suppose -5*g = t - 1, t - 3 = -4*g - 0. Let o be (-18)/(-12)*(t - 1). What is the greatest common divisor of 30 and o?
15
Let t(z) = 3*z - 1. Let k(y) = -2*y + 8. Let o be k(8). Let x be t(o). Let s = x - -45. Calculate the greatest common factor of 10 and s.
10
Let h(f) = -5*f - 2. Let b be h(-3). Suppose b = 4*m + 5. Let x be m*((-21)/(-6) + -2). Calculate the highest common factor of 9 and x.
3
Let y = -42 - -158. Let p = y + -62. Let f = 16 - 10. What is the greatest common divisor of p and f?
6
Let y be (-20)/(-8)*2/1. Suppose 0 = y*u - 0*q - 3*q - 32, -5*q = -2*u + 9. Suppose 3*a - 101 = 88. Calculate the highest common divisor of u and a.
7
Let r = -237 - -496. What is the highest common divisor of r and 37?
37
Let k(p) = p**3 + 11*p**2 + 11*p + 4. Let t be k(-10). Let o be (t + 2)/((-2)/4). Calculate the highest common divisor of 2 and o.
2
Let o(p) = 11*p**3 + 1. Let l be o(-1). Let t = -2 + l. Let c be ((-2)/(-6))/((-1)/t). What is the highest common divisor of c and 28?
4
Let n be (-12)/(-4) + 2/((-2)/(-81)). Calculate the greatest common divisor of 28 and n.
28
Suppose -5*f - 8*s = -3*s - 50, 2 = -f - 4*s. Let m = -6 + f. Calculate the highest common factor of m and 32.
8
Let d(z) = -z**3 + z**2 + 1. Let k be d(2). Let g be -96*(-1 + k/(-12)). Calculate the highest common divisor of g and 9.
9
Let v = 11 + 1. Let u(b) = -5*b + 35. Let m(x) = 3*x - 23. Let n(k) = -8*m(k) - 5*u(k). Let a be n(-6). Calculate the highest common factor of a and v.
3
Let t(q) = 6*q**2 + 3*q + 1. Let x be t(3). What is the greatest common divisor of x and 32?
32
Suppose -j + 64 = 3*j. Let i = 215 + -135. What is the highest common factor of j and i?
16
Let f(x) = -x**3 + 6*x**2 + x - 8. Let h be f(4). Suppose -4*a = w, -5*w = 3*a - 4*a. Let g be -1*(-1*4 + a). Calculate the highest common factor of h and g.
4
Let o be (-72)/(-10)*(-45)/(-9). Suppose 0 - 16 = -4*i. Calculate the greatest common factor of i and o.
4
Let u be (-6)/(-27) - (-305)/45. Suppose 0 = 3*i - 188 - 1. Calculate the greatest common factor of i and u.
7
Let j be 0 - -3 - (10 + -31). Suppose 4*i - 1 = 7. Suppose -12 = i*y - 28. What is the greatest common factor of j and y?
8
Suppose 2*n - 4*a = a - 16, -3*a = -4*n - 4. Suppose 0 = -n*c + c + 11. Calculate the greatest common factor of 33 and c.
11
Let q = 3 - -118. What is the highest common factor of 11 and q?
11
Suppose -r - 7*u - 7 = -2*u, r - 3*u = 1. Let x be 6 - (-4 - 12/r). What is the highest common factor of x and 24?
4
Let u be 4*1 - 2/1. Let c = 4 - u. Let v be 2 - (-2 - (47 - c)). Calculate the greatest common divisor of v and 7.
7
Let c(y) = 2*y**2 + 8*y + 2. Suppose -3*x = 2*x + 35. Let v be c(x). What is the highest common factor of v and 11?
11
Let t(g) = -5*g. Let x be t(-4). Let q = -6 + 14. Calculate the greatest common factor of q and x.
4
Let x = 41 - -175. Suppose -t - x = -5*t. Calculate the highest common divisor of t and 6.
6
Suppose -2*s = -3*s. Suppose -3*r + 75 = -s*r. Calculate the greatest common divisor of 5 and r.
5
Suppose 0 = -0*k + k - 220. Calculate the greatest common divisor of k and 20.
20
Let y(v) = 6*v - 5*v + 3*v + 3*v**2 + 2 - 2*v**2. Let r be y(-4). What is the highest common factor of 8 and r?
2
Let n = 73 - 27. Calculate the greatest common divisor of n and 23.
23
Let r be (-558)/(-30) + 2/5. Calculate the highest common divisor of r and 133.
19
Let s = -780 - -2057. Suppose -5*h + s = 397. Suppose 2*o + 0*o = 32. What is the highest common factor of h and o?
16
Let y = 2 - 3. Let k be 79 + 1 + y - -1. Calculate the greatest common divisor of 32 and k.
16
Suppose 3*p - 25 = 59. Let o = p + -17. Calculate the highest common factor of o and 44.
11
Let a(j) = -3*j + 29. Let l be a(9). Calculate the highest common factor of l and 17.
1
Let f be 22*(-6)/(12/(-5)). Calculate the highest common divisor of f and 11.
11
Let y = -142 - -163. Calculate the highest common divisor of 3 and y